iple of 494?
False
Does 602 divide 993300?
True
Is 123 a factor of 245631?
True
Does 403 divide 7185129?
False
Is 38 a factor of 163058?
True
Is 2379599 a multiple of 63?
False
Does 1085 divide 2550928?
False
Is 29 a factor of 129427?
True
Is 10713024 a multiple of 448?
True
Is 160875 a multiple of 125?
True
Is 153674 a multiple of 2?
True
Does 3 divide 20904?
True
Is 22729 a multiple of 191?
True
Does 74 divide 528064?
True
Is 25 a factor of 515750?
True
Is 49170 a multiple of 30?
True
Is 26 a factor of 2653092?
True
Is 479 a factor of 1753619?
True
Is 145920 a multiple of 8?
True
Is 20350 a multiple of 50?
True
Is 255514 a multiple of 7?
True
Is 16625982 a multiple of 31?
True
Is 138265 a multiple of 29?
False
Does 6 divide 415652?
False
Does 3 divide 1376472?
True
Does 39 divide 114270?
True
Is 454411 a multiple of 8?
False
Is 1631376 a multiple of 16?
True
Does 8 divide 246303?
False
Is 2822679 a multiple of 141?
True
Is 6395508 a multiple of 14?
True
Does 131 divide 106503?
True
Does 343 divide 4978103?
False
Is 871412 a multiple of 28?
False
Is 7 a factor of 1388397?
False
Does 27 divide 334935?
True
Is 127302 a multiple of 14?
True
Does 21 divide 65206?
False
Does 362 divide 1040026?
True
Is 351676 a multiple of 6?
False
Does 610 divide 3731980?
True
Is 3114 a multiple of 5?
False
Does 1295 divide 4822299?
False
Is 64 a factor of 181184?
True
Is 406130 a multiple of 17?
True
Is 17 a factor of 243943?
False
Is 74783 a multiple of 53?
True
Is 46 a factor of 3020343?
False
Does 14 divide 158452?
True
Is 13331841 a multiple of 30?
False
Does 148 divide 954156?
True
Does 144 divide 376218?
False
Is 27 a factor of 1787793?
False
Is 215327 a multiple of 2?
False
Does 93 divide 666424?
False
Does 30 divide 60600?
True
Does 869 divide 698650?
False
Does 34 divide 46686?
False
Is 313 a factor of 114208?
False
Is 32 a factor of 202604?
False
Is 100060 a multiple of 12?
False
Is 97 a factor of 3410811?
True
Is 193240 a multiple of 10?
True
Does 63 divide 7497969?
False
Does 492 divide 33263?
False
Does 48 divide 102240?
True
Is 15504885 a multiple of 297?
True
Does 100 divide 532900?
True
Does 1235 divide 6245395?
True
Is 3132551 a multiple of 109?
True
Is 8730760 a multiple of 1670?
True
Is 411 a factor of 11444608?
False
Is 14 a factor of 5627762?
True
Is 6 a factor of 3701654?
False
Does 80 divide 2157492?
False
Is 28 a factor of 46704?
True
Is 5 a factor of 50285?
True
Is 430530 a multiple of 8?
False
Is 355 a factor of 107210?
True
Does 133 divide 331152?
False
Does 18 divide 2428820?
False
Is 295044 a multiple of 69?
True
Is 1629775 a multiple of 25?
True
Does 59 divide 462637?
False
Is 13 a factor of 132691?
True
Does 109 divide 19109?
False
Is 21 a factor of 1201032?
True
Is 16 a factor of 1377456?
True
Is 345875 a multiple of 83?
False
Is 61 a factor of 121862?
False
Does 43 divide 185932?
True
Is 11 a factor of 4266664?
False
Is 945756 a multiple of 189?
True
Does 15 divide 150390?
True
Is 47164 a multiple of 22?
False
Does 16 divide 242640?
True
Is 11 a factor of 48488?
True
Does 10 divide 275114?
False
Does 13 divide 1114000?
False
Is 1260000 a multiple of 450?
True
Does 412 divide 127210?
False
Does 43 divide 217813?
False
Is 831 a factor of 379767?
True
Does 26 divide 47337?
False
Is 110 a factor of 2771?
False
Is 224448 a multiple of 48?
True
Is 246342 a multiple of 256?
False
Is 9 a factor of 8932833?
True
Is 747210 a multiple of 22?
False
Is 12551238 a multiple of 221?
False
Is 366 a factor of 14283323?
False
Is 165788 a multiple of 14?
True
Is 3066657 a multiple of 2409?
True
Is 19 a factor of 9943422?
True
Does 18 divide 2737062?
True
Is 99 a factor of 763191?
True
Is 778685 a multiple of 85?
True
Does 11 divide 5576494?
True
Does 150 divide 67050?
True
Is 79432 a multiple of 26?
False
Is 98 a factor of 17317?
False
Is 18 a factor of 13452?
False
Does 458 divide 640742?
True
Does 4 divide 2016084?
True
Does 233 divide 9402482?
True
Is 48 a factor of 555840?
True
Does 19 divide 6130806?
True
Is 11599821 a multiple of 1647?
True
Is 1352 a factor of 3225872?
True
Is 357050 a multiple of 74?
True
Is 15 a factor of 85498?
False
Does 826 divide 664930?
True
Does 402 divide 121657?
False
Is 13 a factor of 1075568?
True
Is 14 a factor of 98630?
True
Is 180969 a multiple of 5?
False
Does 12 divide 180010?
False
Does 23 divide 3263056?
True
Does 19 divide 3010824?
False
Is 7 a factor of 36540?
True
Is 379 a factor of 23488525?
True
Does 46 divide 845802?
True
Is 113350 a multiple of 92?
False
Does 13 divide 957749?
True
Does 139 divide 49623?
True
Is 1284112 a multiple of 142?
False
Does 80 divide 330720?
True
Is 2217056 a multiple of 10?
False
Is 1459 a factor of 3145071?
False
Does 15 divide 765570?
True
Does 34 divide 138074?
True
Does 6 divide 202795?
False
Does 48 divide 2703843?
False
Is 32 a factor of 9365312?
True
Is 318 a factor of 13411968?
True
Is 606 a factor of 39745471?
False
Does 8 divide 9423?
False
Is 17558 a multiple of 32?
False
Is 171657 a multiple of 264?
False
Is 19085041 a multiple of 2400?
False
Is 1608712 a multiple of 46?
True
Is 20 a factor of 932457?
False
Is 103 a factor of 136466?
False
Is 16 a factor of 857024?
True
Is 1153420 a multiple of 202?
True
Is 139 a factor of 427447?
False
Is 80 a factor of 5612160?
True
Does 12 divide 1224348?
True
Is 72 a factor of 4051747?
False
Is 3 a factor of 4265553?
True
Is 223243 a multiple of 83?
False
Does 268 divide 2018152?
False
Is 38 a factor of 20033?
False
Does 13 divide 212108?
True
Does 8 divide 50939?
False
Does 108 divide 16293554?
False
Is 14197194 a multiple of 1674?
True
Does 23 divide 11866639?
False
Does 6 divide 1408194?
True
Is 111 a factor of 1339104?
True
Is 49 a factor of 27824?
False
Does 47 divide 1103231?
True
Does 71 divide 93223?
True
Does 5 divide 584310?
True
Does 14 divide 1232919?
False
Does 7 divide 6088110?
True
Does 387 divide 375390?
True
Is 580890 a multiple of 15?
True
Is 2792065 a multiple of 300?
False
Is 5 a factor of 468315?
True
Does 35 divide 2676765?
True
Does 23 divide 11268887?
False
Is 1149068 a multiple of 606?
False
Is 199 a factor of 22685?
False
Is 32 a factor of 23862?
False
Is 2 a factor of 528054?
True
Is 10083 a multiple of 3?
True
Is 218744 a multiple of 37?
True
Does 26 divide 136838?
True
Does 5 divide 296244?
False
Is 50 a factor of 47800?
True
Is 23 a factor of 468656?
False
Does 98 divide 3736152?
True
Is 7 a factor of 7802934?
False
Is 6319814 a multiple of 33?
False
Is 29224 a multiple of 26?
True
Is 17 a factor of 77258?
False
Does 10 divide 3548740?
True
Is 45 a factor of 57780?
True
Is 169 a factor of 363824?
False
Is 66 a factor of 152159?
False
Does 333 divide 322677?
True
Is 102923 a multiple of 10?
False
Is 131231 a multiple of 5?
False
Is 105 a factor of 2837794?
False
Is 217 a factor of 1981644?
True
Does 126 divide 2071944?
True
Is 1801735 a multiple of 53?
True
Does 8 divide 419662?
False
Does 185 divide 97680?
True
Does 42 divide 3842794?
False
Is 1836592 a multiple of 27?
False
Is 183 a factor of 441030?
True
Is 19676036 a multiple of 35?
False
Does 139 divide 246378?
False
Is 81107 a multiple of 17?
True
Is 2516328 a multiple of 24?
True
Does 526 divide 2718934?
False
Does 83 divide 148881?
False
Is 4 a factor of 110933?
False
Is 10 a factor of 9500?
True
Is 262 a factor of 17513049?
False
Is 11 a factor of 4665?
False
Is 3505440 a multiple of 96?
True
Is 880165 a multiple of 715?
True
Does 23 divide 1733369?
False
Is 6 a factor of 1455792?
True
Is 148552 a multiple of 124?
True
Is 717 a factor of 6876535?
False
Is 9 a factor of 5472118?
False
Is 202202 a multiple of 7?
True
Does 9 divide 14706?
True
Does 25 divide 709566?
False
Does 14 divide 49835?
False
Is 159147 a multiple of 9?
True
Is 3495788 a multiple of 91?
False
Does 47 divide 1233374?
True
Does 134 divide 5857588?
False
Is 518102 a multiple of 274?
False
Is 8 a factor of 1148789?
False
Does 252 divide 4655742?
False
Does 78 divide 434523?
False
Is 1186056 a multiple of 18?
True
Does 675 divide 5719950?
True
Is 1722060 a multiple of 60?
True
Is 11402985 a multiple of 11?
True
Is 834632 a multiple of 105?
False
Is 107 a factor of 10251?
False
Does 64 divide 7424448?
True
Is 134 a factor of 5762?
True
Is 1001657 a multiple of 460?
Fals